{"id":89,"date":"2024-12-07T15:16:03","date_gmt":"2024-12-07T18:16:03","guid":{"rendered":"https:\/\/be.med.br\/?post_type=product&#038;p=89"},"modified":"2024-12-07T15:16:04","modified_gmt":"2024-12-07T18:16:04","slug":"planodesaude","status":"publish","type":"product","link":"https:\/\/be.med.br\/?product=planodesaude","title":{"rendered":"Plano &#8211; Orienta\u00e7\u00f5es em Sa\u00fade"},"content":{"rendered":"<p>Tenha sempre um profissional de Sa\u00fade pronto para te atender e tirar todas suas duvidas<\/p>\n<p>Esclare\u00e7a duvidas sobre remedios, pe\u00e7a uma segunda opini\u00e3o, resolva suas dores, <\/p>\n<p>Conforto Psicologico para os momentos de Stress e tens\u00e3o<\/p>\n<p>Participe dos nossos cursos de primeiros socorros para leigos e para Pais<\/p>\n<p>Curso de Primeiro socorros para novos Pais e Familias<\/p>\n","protected":false},"excerpt":{"rendered":"<p>Nutricionista, cirurgias, medicos, enfermeiros, tudo na palma da sua m\u00e3o para voc\u00ea chamar quando quiser<\/p>\n","protected":false},"featured_media":30,"comment_status":"open","ping_status":"closed","template":"","meta":{"om_disable_all_campaigns":false,"_monsterinsights_skip_tracking":false,"_monsterinsights_sitenote_active":false,"_monsterinsights_sitenote_note":"","_monsterinsights_sitenote_category":0,"_uf_show_specific_survey":0,"_uf_disable_surveys":false,"site-sidebar-layout":"default","site-content-layout":"","ast-site-content-layout":"","site-content-style":"default","site-sidebar-style":"default","ast-global-header-display":"","ast-banner-title-visibility":"","ast-main-header-display":"","ast-hfb-above-header-display":"","ast-hfb-below-header-display":"","ast-hfb-mobile-header-display":"","site-post-title":"","ast-breadcrumbs-content":"","ast-featured-img":"","footer-sml-layout":"","theme-transparent-header-meta":"","adv-header-id-meta":"","stick-header-meta":"","header-above-stick-meta":"","header-main-stick-meta":"","header-below-stick-meta":"","astra-migrate-meta-layouts":"default","ast-page-background-enabled":"default","ast-page-background-meta":{"desktop":{"background-color":"var(--ast-global-color-4)","background-image":"","background-repeat":"repeat","background-position":"center center","background-size":"auto","background-attachment":"scroll","background-type":"","background-media":"","overlay-type":"","overlay-color":"","overlay-gradient":""},"tablet":{"background-color":"","background-image":"","background-repeat":"repeat","background-position":"center center","background-size":"auto","background-attachment":"scroll","background-type":"","background-media":"","overlay-type":"","overlay-color":"","overlay-gradient":""},"mobile":{"background-color":"","background-image":"","background-repeat":"repeat","background-position":"center center","background-size":"auto","background-attachment":"scroll","background-type":"","background-media":"","overlay-type":"","overlay-color":"","overlay-gradient":""}},"ast-content-background-meta":{"desktop":{"background-color":"var(--ast-global-color-5)","background-image":"","background-repeat":"repeat","background-position":"center center","background-size":"auto","background-attachment":"scroll","background-type":"","background-media":"","overlay-type":"","overlay-color":"","overlay-gradient":""},"tablet":{"background-color":"var(--ast-global-color-5)","background-image":"","background-repeat":"repeat","background-position":"center center","background-size":"auto","background-attachment":"scroll","background-type":"","background-media":"","overlay-type":"","overlay-color":"","overlay-gradient":""},"mobile":{"background-color":"var(--ast-global-color-5)","background-image":"","background-repeat":"repeat","background-position":"center center","background-size":"auto","background-attachment":"scroll","background-type":"","background-media":"","overlay-type":"","overlay-color":"","overlay-gradient":""}}},"product_cat":[30],"product_tag":[24,22,31,25,26,34,32,21,33],"aioseo_notices":[],"_links":{"self":[{"href":"https:\/\/be.med.br\/index.php?rest_route=\/wp\/v2\/product\/89"}],"collection":[{"href":"https:\/\/be.med.br\/index.php?rest_route=\/wp\/v2\/product"}],"about":[{"href":"https:\/\/be.med.br\/index.php?rest_route=\/wp\/v2\/types\/product"}],"replies":[{"embeddable":true,"href":"https:\/\/be.med.br\/index.php?rest_route=%2Fwp%2Fv2%2Fcomments&post=89"}],"wp:featuredmedia":[{"embeddable":true,"href":"https:\/\/be.med.br\/index.php?rest_route=\/wp\/v2\/media\/30"}],"wp:attachment":[{"href":"https:\/\/be.med.br\/index.php?rest_route=%2Fwp%2Fv2%2Fmedia&parent=89"}],"wp:term":[{"taxonomy":"product_cat","embeddable":true,"href":"https:\/\/be.med.br\/index.php?rest_route=%2Fwp%2Fv2%2Fproduct_cat&post=89"},{"taxonomy":"product_tag","embeddable":true,"href":"https:\/\/be.med.br\/index.php?rest_route=%2Fwp%2Fv2%2Fproduct_tag&post=89"}],"curies":[{"name":"wp","href":"https:\/\/api.w.org\/{rel}","templated":true}]}}